{"id":1104,"date":"2023-02-17T02:57:48","date_gmt":"2023-02-17T01:57:48","guid":{"rendered":"https:\/\/www.arf-formation.fr\/arf2\/?page_id=858"},"modified":"2024-02-11T18:10:16","modified_gmt":"2024-02-11T17:10:16","slug":"aipr","status":"publish","type":"page","link":"https:\/\/www.ajf-formation.fr\/ajf2\/aipr\/","title":{"rendered":"A.I.P.R"},"content":{"rendered":"\n<style type=\"text\/css\" data-created_by=\"avia_inline_auto\" id=\"style-css-av-h36r2-81624af41446ce8f2e6ec95405d3b761\">\n.avia-section.av-h36r2-81624af41446ce8f2e6ec95405d3b761{\nbackground-repeat:no-repeat;\nbackground-image:url(https:\/\/www.ajf-formation.fr\/ajf2\/wp-content\/uploads\/Formation-AIPR-1.jpg);\nbackground-position:50% 50%;\nbackground-attachment:scroll;\nmargin-top:0;\nmargin-bottom:0;\n}\n.avia-section.av-h36r2-81624af41446ce8f2e6ec95405d3b761 .av-section-color-overlay{\nopacity:0.6;\nbackground-color:#000000;\n}\n<\/style>\n<div id='av_section_1'  class='avia-section av-h36r2-81624af41446ce8f2e6ec95405d3b761 main_color avia-section-default avia-no-border-styling  avia-builder-el-0  el_before_av_section  avia-builder-el-first  avia-bg-style-scroll av-section-color-overlay-active av-minimum-height av-minimum-height-custom av-height-custom  container_wrap sidebar_right'  data-section-bg-repeat='no-repeat' data-av_minimum_height_px='350'><div class=\"av-section-color-overlay-wrap\"><div class=\"av-section-color-overlay\"><\/div><div class='container av-section-cont-open' style='height:350px'><main  role=\"main\" itemprop=\"mainContentOfPage\"  class='template-page content  av-content-small alpha units'><div class='post-entry post-entry-type-page post-entry-1104'><div class='entry-content-wrapper clearfix'>\n\n<style type=\"text\/css\" data-created_by=\"avia_inline_auto\" id=\"style-css-av-ldz5e4w9-a050658a7a685cff8bd2b4191859df86\">\n#top .av-special-heading.av-ldz5e4w9-a050658a7a685cff8bd2b4191859df86{\npadding-bottom:10px;\ncolor:#fff087;\n}\nbody .av-special-heading.av-ldz5e4w9-a050658a7a685cff8bd2b4191859df86 .av-special-heading-tag .heading-char{\nfont-size:25px;\n}\n#top #wrap_all .av-special-heading.av-ldz5e4w9-a050658a7a685cff8bd2b4191859df86 .av-special-heading-tag{\npadding:2rem 0 0 0;\n}\n.av-special-heading.av-ldz5e4w9-a050658a7a685cff8bd2b4191859df86 .special-heading-inner-border{\nborder-color:rgba(0,0,0,0.01);\n}\n.av-special-heading.av-ldz5e4w9-a050658a7a685cff8bd2b4191859df86 .av-subheading{\nfont-size:15px;\ncolor:#ffffff;\n}\nbody .av-special-heading.av-ldz5e4w9-a050658a7a685cff8bd2b4191859df86 .av-special-heading-tag .heading-wrap:before{\nborder-color:rgba(0,0,0,0.01);\n}\nbody .av-special-heading.av-ldz5e4w9-a050658a7a685cff8bd2b4191859df86 .av-special-heading-tag .heading-wrap:after{\nborder-color:rgba(0,0,0,0.01);\n}\n<\/style>\n<div  class='av-special-heading av-ldz5e4w9-a050658a7a685cff8bd2b4191859df86 av-special-heading-h1 custom-color-heading blockquote elegant-quote elegant-centered  avia-builder-el-1  avia-builder-el-no-sibling '><h1 class='av-special-heading-tag'  itemprop=\"headline\"  ><span class=\"heading-wrap\">Autorisation d\u2019Intervention \u00e0 Proximit\u00e9 des R\u00e9seaux<\/span><\/h1><div class=\"special-heading-border\"><div class=\"special-heading-inner-border\"><\/div><\/div><\/div>\n\n<\/div><\/div><\/main><!-- close content main element --><\/div><\/div><\/div>\n<style type=\"text\/css\" data-created_by=\"avia_inline_auto\" id=\"style-css-av-hoj9q-2b0be5a7a7bb8b1de117272397efeab8\">\n.avia-section.av-hoj9q-2b0be5a7a7bb8b1de117272397efeab8{\nmargin-top:0px;\nmargin-bottom:0px;\n}\n<\/style>\n<div id='av_section_2'  class='avia-section av-hoj9q-2b0be5a7a7bb8b1de117272397efeab8 footer_color avia-section-small avia-no-border-styling  avia-builder-el-2  el_after_av_section  el_before_av_blog  avia-bg-style-scroll container_wrap sidebar_right'  ><div class='container av-section-cont-open' ><div class='template-page content  av-content-small alpha units'><div class='post-entry post-entry-type-page post-entry-1104'><div class='entry-content-wrapper clearfix'>\n\n<style type=\"text\/css\" data-created_by=\"avia_inline_auto\" id=\"style-css-av-9tf52-c0aa4e8b440e79ea8dceedcc8aad6307\">\n#top .av_textblock_section.av-9tf52-c0aa4e8b440e79ea8dceedcc8aad6307 .avia_textblock{\nfont-size:1.25rem;\ncolumn-count:3;\ncolumn-gap:2%;\n}\n\n@media only screen and (max-width: 479px){ \n#top .av_textblock_section.av-9tf52-c0aa4e8b440e79ea8dceedcc8aad6307 .avia_textblock{\ncolumn-count:1;\n}\n.av_textblock_section.av-9tf52-c0aa4e8b440e79ea8dceedcc8aad6307 .avia_textblock.av_multi_colums > p:first-child{\nmargin-top:0.85em;\n}\n}\n<\/style>\n<section  class='av_textblock_section av-9tf52-c0aa4e8b440e79ea8dceedcc8aad6307 '   itemscope=\"itemscope\" itemtype=\"https:\/\/schema.org\/CreativeWork\" ><div class='avia_textblock flex-evenly av_multi_colums'  itemprop=\"text\" ><p>\u2714 A.I.P.R Op\u00e9rateurs<\/p>\n<p>\u2714 A.I.P.R Encadrants<\/p>\n<p>\u2714 A.I.P.R Concepteurs<\/p>\n<\/div><\/section>\n<\/div><\/div><\/div><!-- close content main div --><\/div><\/div><div id='after_section_2'  class='main_color av_default_container_wrap container_wrap sidebar_right'  ><div class='container av-section-cont-open' ><div class='template-page content  av-content-small alpha units'><div class='post-entry post-entry-type-page post-entry-1104'><div class='entry-content-wrapper clearfix'>\n<div  data-slideshow-options=\"{&quot;animation&quot;:&quot;fade&quot;,&quot;autoplay&quot;:false,&quot;loop_autoplay&quot;:&quot;once&quot;,&quot;interval&quot;:5,&quot;loop_manual&quot;:&quot;manual-endless&quot;,&quot;autoplay_stopper&quot;:false,&quot;noNavigation&quot;:false,&quot;show_slide_delay&quot;:90}\" class='avia-content-slider avia-content-grid-active avia-content-slider1 avia-content-slider-odd  avia-builder-el-4  el_after_av_section  avia-builder-el-no-sibling  av-slideshow-ui av-control-default   av-no-slider-navigation av-slideshow-manual av-loop-once av-loop-manual-endless '  itemscope=\"itemscope\" itemtype=\"https:\/\/schema.org\/Blog\" ><div class=\"avia-content-slider-inner\"><div class=\"slide-entry-wrap\"><article class='slide-entry flex_column  post-entry post-entry-1015 slide-entry-overview slide-loop-1 slide-parity-odd  av_one_third first real-thumbnail posttype-post post-format-standard'  itemscope=\"itemscope\" itemtype=\"https:\/\/schema.org\/CreativeWork\" ><a href='https:\/\/www.ajf-formation.fr\/ajf2\/a-i-p-r-concepteur\/' data-rel='slide-1' class='slide-image' title='A.I.P.R Concepteur'><img loading=\"lazy\" decoding=\"async\" width=\"495\" height=\"400\" src=\"https:\/\/www.ajf-formation.fr\/ajf2\/wp-content\/uploads\/AIPR-Operateur-Encadrant-Concepteur-495x400.jpg\" class=\"wp-image-1450 avia-img-lazy-loading-1450 attachment-portfolio size-portfolio wp-post-image\" alt=\"Chantier de travaux public \u00e0 proximit\u00e9 de r\u00e9seaux.\" srcset=\"https:\/\/www.ajf-formation.fr\/ajf2\/wp-content\/uploads\/AIPR-Operateur-Encadrant-Concepteur-495x400.jpg 495w, https:\/\/www.ajf-formation.fr\/ajf2\/wp-content\/uploads\/AIPR-Operateur-Encadrant-Concepteur-845x684.jpg 845w\" sizes=\"auto, (max-width: 495px) 100vw, 495px\" \/><small class='avia-copyright'>Katarzyna Bialasiewicz photographee.eu<\/small><\/a><div class=\"slide-content\"><header class=\"entry-content-header\"><h3 class='slide-entry-title entry-title '  itemprop=\"headline\" ><a href='https:\/\/www.ajf-formation.fr\/ajf2\/a-i-p-r-concepteur\/' title='A.I.P.R Concepteur'>A.I.P.R Concepteur<\/a><\/h3><span class=\"av-vertical-delimiter\"><\/span><\/header><\/div><footer class=\"entry-footer\"><\/footer><span class='hidden'>\n\t\t\t\t<span class='av-structured-data'  itemprop=\"image\" itemscope=\"itemscope\" itemtype=\"https:\/\/schema.org\/ImageObject\" >\n\t\t\t\t\t\t<span itemprop='url'>https:\/\/www.ajf-formation.fr\/ajf2\/wp-content\/uploads\/AIPR-Operateur-Encadrant-Concepteur.jpg<\/span>\n\t\t\t\t\t\t<span itemprop='height'>700<\/span>\n\t\t\t\t\t\t<span itemprop='width'>1400<\/span>\n\t\t\t\t<\/span>\n\t\t\t\t<span class='av-structured-data'  itemprop=\"publisher\" itemtype=\"https:\/\/schema.org\/Organization\" itemscope=\"itemscope\" >\n\t\t\t\t\t\t<span itemprop='name'>AJF Formation<\/span>\n\t\t\t\t\t\t<span itemprop='logo' itemscope itemtype='https:\/\/schema.org\/ImageObject'>\n\t\t\t\t\t\t\t<span itemprop='url'>https:\/\/www.ajf-formation.fr\/ajf2\/wp-content\/uploads\/ajf-logo-2022-K.png<\/span>\n\t\t\t\t\t\t<\/span>\n\t\t\t\t<\/span><span class='av-structured-data'  itemprop=\"author\" itemscope=\"itemscope\" itemtype=\"https:\/\/schema.org\/Person\" ><span itemprop='name'>AJF Formation<\/span><\/span><span class='av-structured-data'  itemprop=\"datePublished\" datetime=\"2023-02-17T02:57:48+01:00\" >2023-04-11 11:13:16<\/span><span class='av-structured-data'  itemprop=\"dateModified\" itemtype=\"https:\/\/schema.org\/dateModified\" >2025-10-28 14:47:21<\/span><span class='av-structured-data'  itemprop=\"mainEntityOfPage\" itemtype=\"https:\/\/schema.org\/mainEntityOfPage\" ><span itemprop='name'>A.I.P.R Concepteur<\/span><\/span><\/span><\/article><article class='slide-entry flex_column  post-entry post-entry-995 slide-entry-overview slide-loop-2 slide-parity-even  av_one_third  real-thumbnail posttype-post post-format-standard'  itemscope=\"itemscope\" itemtype=\"https:\/\/schema.org\/CreativeWork\" ><a href='https:\/\/www.ajf-formation.fr\/ajf2\/travaux-a-proximite-des-reseaux-aipr-2\/' data-rel='slide-1' class='slide-image' title='A.I.P.R Encadrant'><img loading=\"lazy\" decoding=\"async\" width=\"495\" height=\"400\" src=\"https:\/\/www.ajf-formation.fr\/ajf2\/wp-content\/uploads\/AIPR-Operateur-Encadrant-Concepteur-495x400.jpg\" class=\"wp-image-1450 avia-img-lazy-loading-1450 attachment-portfolio size-portfolio wp-post-image\" alt=\"Chantier de travaux public \u00e0 proximit\u00e9 de r\u00e9seaux.\" srcset=\"https:\/\/www.ajf-formation.fr\/ajf2\/wp-content\/uploads\/AIPR-Operateur-Encadrant-Concepteur-495x400.jpg 495w, https:\/\/www.ajf-formation.fr\/ajf2\/wp-content\/uploads\/AIPR-Operateur-Encadrant-Concepteur-845x684.jpg 845w\" sizes=\"auto, (max-width: 495px) 100vw, 495px\" \/><small class='avia-copyright'>Katarzyna Bialasiewicz photographee.eu<\/small><\/a><div class=\"slide-content\"><header class=\"entry-content-header\"><h3 class='slide-entry-title entry-title '  itemprop=\"headline\" ><a href='https:\/\/www.ajf-formation.fr\/ajf2\/travaux-a-proximite-des-reseaux-aipr-2\/' title='A.I.P.R Encadrant'>A.I.P.R Encadrant<\/a><\/h3><span class=\"av-vertical-delimiter\"><\/span><\/header><\/div><footer class=\"entry-footer\"><\/footer><span class='hidden'>\n\t\t\t\t<span class='av-structured-data'  itemprop=\"image\" itemscope=\"itemscope\" itemtype=\"https:\/\/schema.org\/ImageObject\" >\n\t\t\t\t\t\t<span itemprop='url'>https:\/\/www.ajf-formation.fr\/ajf2\/wp-content\/uploads\/AIPR-Operateur-Encadrant-Concepteur.jpg<\/span>\n\t\t\t\t\t\t<span itemprop='height'>700<\/span>\n\t\t\t\t\t\t<span itemprop='width'>1400<\/span>\n\t\t\t\t<\/span>\n\t\t\t\t<span class='av-structured-data'  itemprop=\"publisher\" itemtype=\"https:\/\/schema.org\/Organization\" itemscope=\"itemscope\" >\n\t\t\t\t\t\t<span itemprop='name'>AJF Formation<\/span>\n\t\t\t\t\t\t<span itemprop='logo' itemscope itemtype='https:\/\/schema.org\/ImageObject'>\n\t\t\t\t\t\t\t<span itemprop='url'>https:\/\/www.ajf-formation.fr\/ajf2\/wp-content\/uploads\/ajf-logo-2022-K.png<\/span>\n\t\t\t\t\t\t<\/span>\n\t\t\t\t<\/span><span class='av-structured-data'  itemprop=\"author\" itemscope=\"itemscope\" itemtype=\"https:\/\/schema.org\/Person\" ><span itemprop='name'>AJF Formation<\/span><\/span><span class='av-structured-data'  itemprop=\"datePublished\" datetime=\"2023-02-17T02:57:48+01:00\" >2023-02-23 13:43:12<\/span><span class='av-structured-data'  itemprop=\"dateModified\" itemtype=\"https:\/\/schema.org\/dateModified\" >2025-10-28 14:46:56<\/span><span class='av-structured-data'  itemprop=\"mainEntityOfPage\" itemtype=\"https:\/\/schema.org\/mainEntityOfPage\" ><span itemprop='name'>A.I.P.R Encadrant<\/span><\/span><\/span><\/article><article class='slide-entry flex_column  post-entry post-entry-978 slide-entry-overview slide-loop-3 slide-parity-odd  post-entry-last  av_one_third  real-thumbnail posttype-post post-format-standard'  itemscope=\"itemscope\" itemtype=\"https:\/\/schema.org\/CreativeWork\" ><a href='https:\/\/www.ajf-formation.fr\/ajf2\/travaux-a-proximite-des-reseaux-aipr\/' data-rel='slide-1' class='slide-image' title='A.I.P.R Op\u00e9rateur'><img loading=\"lazy\" decoding=\"async\" width=\"495\" height=\"400\" src=\"https:\/\/www.ajf-formation.fr\/ajf2\/wp-content\/uploads\/AIPR-Operateur-Encadrant-Concepteur-495x400.jpg\" class=\"wp-image-1450 avia-img-lazy-loading-1450 attachment-portfolio size-portfolio wp-post-image\" alt=\"Chantier de travaux public \u00e0 proximit\u00e9 de r\u00e9seaux.\" srcset=\"https:\/\/www.ajf-formation.fr\/ajf2\/wp-content\/uploads\/AIPR-Operateur-Encadrant-Concepteur-495x400.jpg 495w, https:\/\/www.ajf-formation.fr\/ajf2\/wp-content\/uploads\/AIPR-Operateur-Encadrant-Concepteur-845x684.jpg 845w\" sizes=\"auto, (max-width: 495px) 100vw, 495px\" \/><small class='avia-copyright'>Katarzyna Bialasiewicz photographee.eu<\/small><\/a><div class=\"slide-content\"><header class=\"entry-content-header\"><h3 class='slide-entry-title entry-title '  itemprop=\"headline\" ><a href='https:\/\/www.ajf-formation.fr\/ajf2\/travaux-a-proximite-des-reseaux-aipr\/' title='A.I.P.R Op\u00e9rateur'>A.I.P.R Op\u00e9rateur<\/a><\/h3><span class=\"av-vertical-delimiter\"><\/span><\/header><\/div><footer class=\"entry-footer\"><\/footer><span class='hidden'>\n\t\t\t\t<span class='av-structured-data'  itemprop=\"image\" itemscope=\"itemscope\" itemtype=\"https:\/\/schema.org\/ImageObject\" >\n\t\t\t\t\t\t<span itemprop='url'>https:\/\/www.ajf-formation.fr\/ajf2\/wp-content\/uploads\/AIPR-Operateur-Encadrant-Concepteur.jpg<\/span>\n\t\t\t\t\t\t<span itemprop='height'>700<\/span>\n\t\t\t\t\t\t<span itemprop='width'>1400<\/span>\n\t\t\t\t<\/span>\n\t\t\t\t<span class='av-structured-data'  itemprop=\"publisher\" itemtype=\"https:\/\/schema.org\/Organization\" itemscope=\"itemscope\" >\n\t\t\t\t\t\t<span itemprop='name'>AJF Formation<\/span>\n\t\t\t\t\t\t<span itemprop='logo' itemscope itemtype='https:\/\/schema.org\/ImageObject'>\n\t\t\t\t\t\t\t<span itemprop='url'>https:\/\/www.ajf-formation.fr\/ajf2\/wp-content\/uploads\/ajf-logo-2022-K.png<\/span>\n\t\t\t\t\t\t<\/span>\n\t\t\t\t<\/span><span class='av-structured-data'  itemprop=\"author\" itemscope=\"itemscope\" itemtype=\"https:\/\/schema.org\/Person\" ><span itemprop='name'>AJF Formation<\/span><\/span><span class='av-structured-data'  itemprop=\"datePublished\" datetime=\"2023-02-17T02:57:48+01:00\" >2023-02-23 11:43:38<\/span><span class='av-structured-data'  itemprop=\"dateModified\" itemtype=\"https:\/\/schema.org\/dateModified\" >2025-10-28 14:46:26<\/span><span class='av-structured-data'  itemprop=\"mainEntityOfPage\" itemtype=\"https:\/\/schema.org\/mainEntityOfPage\" ><span itemprop='name'>A.I.P.R Op\u00e9rateur<\/span><\/span><\/span><\/article><\/div><\/div><\/div>\n","protected":false},"excerpt":{"rendered":"","protected":false},"author":1,"featured_media":0,"parent":0,"menu_order":6,"comment_status":"closed","ping_status":"closed","template":"","meta":{"footnotes":""},"class_list":["post-1104","page","type-page","status-publish","hentry"],"_links":{"self":[{"href":"https:\/\/www.ajf-formation.fr\/ajf2\/wp-json\/wp\/v2\/pages\/1104","targetHints":{"allow":["GET"]}}],"collection":[{"href":"https:\/\/www.ajf-formation.fr\/ajf2\/wp-json\/wp\/v2\/pages"}],"about":[{"href":"https:\/\/www.ajf-formation.fr\/ajf2\/wp-json\/wp\/v2\/types\/page"}],"author":[{"embeddable":true,"href":"https:\/\/www.ajf-formation.fr\/ajf2\/wp-json\/wp\/v2\/users\/1"}],"replies":[{"embeddable":true,"href":"https:\/\/www.ajf-formation.fr\/ajf2\/wp-json\/wp\/v2\/comments?post=1104"}],"version-history":[{"count":0,"href":"https:\/\/www.ajf-formation.fr\/ajf2\/wp-json\/wp\/v2\/pages\/1104\/revisions"}],"wp:attachment":[{"href":"https:\/\/www.ajf-formation.fr\/ajf2\/wp-json\/wp\/v2\/media?parent=1104"}],"curies":[{"name":"wp","href":"https:\/\/api.w.org\/{rel}","templated":true}]}}